{"id":102,"date":"2015-02-27T17:53:44","date_gmt":"2015-02-27T16:53:44","guid":{"rendered":"http:\/\/blogs.eleves.ens.fr\/stagem1phy13\/?page_id=102"},"modified":"2015-05-14T09:38:04","modified_gmt":"2015-05-14T08:38:04","slug":"conseils-pour-les-l3","status":"publish","type":"page","link":"https:\/\/blogs.eleves.ens.fr\/stagem1phy13\/conseils-pour-les-l3\/","title":{"rendered":"Conseils pour les L3"},"content":{"rendered":"<p>Cette page est destin\u00e9e \u00e0 collecter les conseils aux actuels L3, c&rsquo;est-\u00e0-dire futurs M1 qui, l&rsquo;an prochain, auront \u00e0 traverser les dures \u00e9preuves que nous traversons actuellement !<\/p>\n<p>Le classement est fait par pays, avec si tel est le cas, plusieurs personnes par pays.<\/p>\n<hr \/>\n<h2>\u00c9tats-Unis<\/h2>\n<h3>[Alexis]<\/h3>\n<h3>[Adrien]<\/h3>\n<hr \/>\n<h2>Br\u00e9sil [Annette]<\/h2>\n<p>Note pour les prochains: parler portugais c\u2019est vraiment important, c\u2019est mieux d\u2019avoir un peu plus que quelques notions en arrivant ! (<a href=\"http:\/\/blogs.eleves.ens.fr\/stagem1phy13\/2015\/02\/28\/a-la-decouverte-de-porto-alegre-annette\/\">L&rsquo;article d\u2019o\u00f9 provient le conseil<\/a>)<\/p>\n<hr \/>\n<h2>Japon [Beno\u00eet]<\/h2>\n<ul>\n<li><strong>Omiage.<\/strong> Les cadeaux sont tr\u00e8s importants dans la culture japonaise, on offre surtout de la nourriture. Pensez donc \u00e0 arriver de France avec un petit truc simple de chez nous qui se transporte facilement et qui se partage. Des calissons, des chocolats, des b\u00eatises &#8230; \u00e0 vrai dire n&rsquo;importe quoi fait l&rsquo;affaire, ils n&rsquo;y connaissent rien.<\/li>\n<li><strong>Suica ou Pasmo.<\/strong> Il s&rsquo;agit d&rsquo;une carte sur laquelle vous d\u00e9posez de l&rsquo;argent et qui sert \u00e0 payer dans les transports et \u00e9galement dans beaucoup de magasin. Vu la complexit\u00e9 du m\u00e9tro tokyo\u00efte elles sont indispensables. \u00c0 noter que les deux cartes sont absolument \u00e9quivalentes. <a href=\"http:\/\/blogs.eleves.ens.fr\/stagem1phy13\/wp-content\/uploads\/sites\/9\/2015\/02\/top_photo.jpg\"><img loading=\"lazy\" decoding=\"async\" class=\"aligncenter size-full wp-image-560\" src=\"http:\/\/blogs.eleves.ens.fr\/stagem1phy13\/wp-content\/uploads\/sites\/9\/2015\/02\/top_photo.jpg\" alt=\"top_photo\" width=\"200\" height=\"230\" \/><\/a><\/li>\n<\/ul>\n<hr \/>\n<h2>Australie<\/h2>\n<h3>[Bill]<\/h3>\n","protected":false},"excerpt":{"rendered":"<p>Cette page est destin\u00e9e \u00e0 collecter les conseils aux actuels L3, c&rsquo;est-\u00e0-dire futurs M1 qui, l&rsquo;an prochain, auront \u00e0 traverser les dures \u00e9preuves que nous traversons actuellement ! Le classement est fait par pays, avec si tel est le cas, plusieurs personnes par pays. \u00c9tats-Unis [Alexis] [Adrien] Br\u00e9sil [Annette] Note pour les prochains: parler portugais &hellip; <a href=\"https:\/\/blogs.eleves.ens.fr\/stagem1phy13\/conseils-pour-les-l3\/\" class=\"more-link\">Continuer la lecture de <span class=\"screen-reader-text\">Conseils pour les L3<\/span><\/a><\/p>\n","protected":false},"author":53,"featured_media":0,"parent":0,"menu_order":0,"comment_status":"open","ping_status":"open","template":"","meta":{"footnotes":""},"class_list":["post-102","page","type-page","status-publish","hentry"],"_links":{"self":[{"href":"https:\/\/blogs.eleves.ens.fr\/stagem1phy13\/wp-json\/wp\/v2\/pages\/102","targetHints":{"allow":["GET"]}}],"collection":[{"href":"https:\/\/blogs.eleves.ens.fr\/stagem1phy13\/wp-json\/wp\/v2\/pages"}],"about":[{"href":"https:\/\/blogs.eleves.ens.fr\/stagem1phy13\/wp-json\/wp\/v2\/types\/page"}],"author":[{"embeddable":true,"href":"https:\/\/blogs.eleves.ens.fr\/stagem1phy13\/wp-json\/wp\/v2\/users\/53"}],"replies":[{"embeddable":true,"href":"https:\/\/blogs.eleves.ens.fr\/stagem1phy13\/wp-json\/wp\/v2\/comments?post=102"}],"version-history":[{"count":5,"href":"https:\/\/blogs.eleves.ens.fr\/stagem1phy13\/wp-json\/wp\/v2\/pages\/102\/revisions"}],"predecessor-version":[{"id":561,"href":"https:\/\/blogs.eleves.ens.fr\/stagem1phy13\/wp-json\/wp\/v2\/pages\/102\/revisions\/561"}],"wp:attachment":[{"href":"https:\/\/blogs.eleves.ens.fr\/stagem1phy13\/wp-json\/wp\/v2\/media?parent=102"}],"curies":[{"name":"wp","href":"https:\/\/api.w.org\/{rel}","templated":true}]}}