{"id":48,"date":"2015-10-01T08:08:13","date_gmt":"2015-10-01T07:08:13","guid":{"rendered":"http:\/\/blogs.eleves.ens.fr\/srin\/?page_id=48"},"modified":"2016-01-04T09:40:36","modified_gmt":"2016-01-04T08:40:36","slug":"janvier","status":"publish","type":"page","link":"https:\/\/blogs.eleves.ens.fr\/srin\/janvier\/","title":{"rendered":"Annotation collaborative et interaction avec les publics"},"content":{"rendered":"<p>Pour la s\u00e9ance de janvier 2016, nous accueillons exceptionnellement deux intervenants : Vincent Puig (IRI) et Mathias Blanc (CNRS). Ensemble, ils pr\u00e9senteront des recherches dans le domaine de l&rsquo;annotation d&rsquo;images.<\/p>\n<p><img loading=\"lazy\" decoding=\"async\" class=\"alignnone size-medium wp-image-163\" src=\"http:\/\/blogs.eleves.ens.fr\/srin\/wp-content\/uploads\/sites\/15\/2015\/10\/Visualltek-300x169.png\" alt=\"\" width=\"300\" height=\"169\" srcset=\"https:\/\/blogs.eleves.ens.fr\/srin\/wp-content\/uploads\/sites\/15\/2015\/10\/Visualltek-300x169.png 300w, https:\/\/blogs.eleves.ens.fr\/srin\/wp-content\/uploads\/sites\/15\/2015\/10\/Visualltek.png 720w\" sizes=\"auto, (max-width: 300px) 100vw, 300px\" \/><\/p>\n<p><em>Les recherches de l&rsquo;IRI (expos\u00e9 de Vincent Puig)<\/em><\/p>\n<p>La figure de l&rsquo;amateur, si elle constitue une figure historique depuis le XVIII\u00e8me si\u00e8cle, reconfigure aujourd&rsquo;hui le mode de production des savoirs dans le cadre de ce que l&rsquo;on r\u00e9duit trop souvent aux projets de \u00ab\u00a0science participative\u00a0\u00bb. Dans le contexte contemporain des <em>big datas<\/em>, et de ce qu&rsquo;Anderson n&rsquo;a pas h\u00e9sit\u00e9 \u00e0 qualifier de \u00ab\u00a0fin de la th\u00e9orie\u00a0\u00bb, le num\u00e9rique constitue une nouvelle organologie qui modifie les fondements \u00e9pist\u00e9mologiques de toutes les disciplines. Ces deux \u00e9l\u00e9ments constituent l&rsquo;objet principal de recherche des Etudes digitales (<a href=\"http:\/\/digital-studies.org\">http:\/\/digital-studies.org<\/a>)\u00a0 et des projets conduits par l&rsquo;IRI dans le champ de l&rsquo;annotation et de l&rsquo;<strong>\u00e9ditorialisation contributive<\/strong> (plateforme Lignes de temps, cartes RENKAN, analyses de films, exp\u00e9rimentations p\u00e9dagogiques, annotation par le geste&#8230;).<\/p>\n<p><em>Les projets Ikonikat et V-Atlas (expos\u00e9 de Mathias Blanc)<\/em><\/p>\n<p>Corollaires du projet ARN VISUALL (2013-2017), interrogeant les liens entre science de l&rsquo;image (\u00ab\u00a0Bildwissenschaft\u00a0\u00bb) et sciences historiques et sociales, des <strong>dispositifs num\u00e9riques d&rsquo;annotation visuelle<\/strong> ont \u00e9t\u00e9 con\u00e7us pour valoriser la plasticit\u00e9 de l&rsquo;image, les techniques de collage et de trac\u00e9. Mathias Blanc abordera le th\u00e8me de l&rsquo;herm\u00e9neutique de l&rsquo;image \u00e0 travers la pr\u00e9sentation de deux applications web (Ikonikat et V-Atlas), d\u00e9velopp\u00e9es pour retarder le moment de la cat\u00e9gorisation textuelle et soutenir l&rsquo;exp\u00e9rience esth\u00e9tique du regardeur.<\/p>\n<ul>\n<li>Jeudi 14 janvier 2015<\/li>\n<li>De 18h \u00e0 20h<\/li>\n<li>Salle des R\u00e9sistants<\/li>\n<li>\u00c9cole Normale Sup\u00e9rieure, 45 rue d\u2019Ulm, 75005 Paris<\/li>\n<\/ul>\n","protected":false},"excerpt":{"rendered":"<p>Pour la s\u00e9ance de janvier 2016, nous accueillons exceptionnellement deux intervenants : Vincent Puig (IRI) et Mathias Blanc (CNRS). Ensemble, ils pr\u00e9senteront des recherches dans le domaine de l&rsquo;annotation d&rsquo;images. Les recherches de l&rsquo;IRI (expos\u00e9 de Vincent Puig) La figure de l&rsquo;amateur, si elle constitue une figure historique depuis le XVIII\u00e8me si\u00e8cle, reconfigure aujourd&rsquo;hui le &hellip; <a href=\"https:\/\/blogs.eleves.ens.fr\/srin\/janvier\/\" class=\"more-link\">Continuer la lecture de <span class=\"screen-reader-text\">Annotation collaborative et interaction avec les publics<\/span><\/a><\/p>\n","protected":false},"author":98,"featured_media":0,"parent":0,"menu_order":0,"comment_status":"closed","ping_status":"closed","template":"","meta":{"footnotes":""},"class_list":["post-48","page","type-page","status-publish","hentry"],"_links":{"self":[{"href":"https:\/\/blogs.eleves.ens.fr\/srin\/wp-json\/wp\/v2\/pages\/48","targetHints":{"allow":["GET"]}}],"collection":[{"href":"https:\/\/blogs.eleves.ens.fr\/srin\/wp-json\/wp\/v2\/pages"}],"about":[{"href":"https:\/\/blogs.eleves.ens.fr\/srin\/wp-json\/wp\/v2\/types\/page"}],"author":[{"embeddable":true,"href":"https:\/\/blogs.eleves.ens.fr\/srin\/wp-json\/wp\/v2\/users\/98"}],"replies":[{"embeddable":true,"href":"https:\/\/blogs.eleves.ens.fr\/srin\/wp-json\/wp\/v2\/comments?post=48"}],"version-history":[{"count":7,"href":"https:\/\/blogs.eleves.ens.fr\/srin\/wp-json\/wp\/v2\/pages\/48\/revisions"}],"predecessor-version":[{"id":166,"href":"https:\/\/blogs.eleves.ens.fr\/srin\/wp-json\/wp\/v2\/pages\/48\/revisions\/166"}],"wp:attachment":[{"href":"https:\/\/blogs.eleves.ens.fr\/srin\/wp-json\/wp\/v2\/media?parent=48"}],"curies":[{"name":"wp","href":"https:\/\/api.w.org\/{rel}","templated":true}]}}

<p>Pour la séance de janvier 2016, nous accueillons exceptionnellement deux intervenants : Vincent Puig (IRI) et Mathias Blanc (CNRS). Ensemble, ils présenteront des recherches dans le domaine de l&rsquo;annotation d&rsquo;images.</p>
<p><img loading="lazy" decoding="async" class="alignnone size-medium wp-image-163" src="http://blogs.eleves.ens.fr/srin/wp-content/uploads/sites/15/2015/10/Visualltek-300x169.png" alt="" width="300" height="169" srcset="https://blogs.eleves.ens.fr/srin/wp-content/uploads/sites/15/2015/10/Visualltek-300x169.png 300w, https://blogs.eleves.ens.fr/srin/wp-content/uploads/sites/15/2015/10/Visualltek.png 720w" sizes="auto, (max-width: 300px) 100vw, 300px" /></p>
<p><em>Les recherches de l&rsquo;IRI (exposé de Vincent Puig)</em></p>
<p>La figure de l&rsquo;amateur, si elle constitue une figure historique depuis le XVIIIème siècle, reconfigure aujourd&rsquo;hui le mode de production des savoirs dans le cadre de ce que l&rsquo;on réduit trop souvent aux projets de « science participative ». Dans le contexte contemporain des <em>big datas</em>, et de ce qu&rsquo;Anderson n&rsquo;a pas hésité à qualifier de « fin de la théorie », le numérique constitue une nouvelle organologie qui modifie les fondements épistémologiques de toutes les disciplines. Ces deux éléments constituent l&rsquo;objet principal de recherche des Etudes digitales (<a href="http://digital-studies.org">http://digital-studies.org</a>)  et des projets conduits par l&rsquo;IRI dans le champ de l&rsquo;annotation et de l&rsquo;<strong>éditorialisation contributive</strong> (plateforme Lignes de temps, cartes RENKAN, analyses de films, expérimentations pédagogiques, annotation par le geste&#8230;).</p>
<p><em>Les projets Ikonikat et V-Atlas (exposé de Mathias Blanc)</em></p>
<p>Corollaires du projet ARN VISUALL (2013-2017), interrogeant les liens entre science de l&rsquo;image (« Bildwissenschaft ») et sciences historiques et sociales, des <strong>dispositifs numériques d&rsquo;annotation visuelle</strong> ont été conçus pour valoriser la plasticité de l&rsquo;image, les techniques de collage et de tracé. Mathias Blanc abordera le thème de l&rsquo;herméneutique de l&rsquo;image à travers la présentation de deux applications web (Ikonikat et V-Atlas), développées pour retarder le moment de la catégorisation textuelle et soutenir l&rsquo;expérience esthétique du regardeur.</p>
<ul>
<li>Jeudi 14 janvier 2015</li>
<li>De 18h à 20h</li>
<li>Salle des Résistants</li>
<li>École Normale Supérieure, 45 rue d’Ulm, 75005 Paris</li>
</ul>

<p>Pour la séance de janvier 2016, nous accueillons exceptionnellement deux intervenants : Vincent Puig (IRI) et Mathias Blanc (CNRS). Ensemble, ils présenteront des recherches dans le domaine de l&rsquo;annotation d&rsquo;images. Les recherches de l&rsquo;IRI (exposé de Vincent Puig) La figure de l&rsquo;amateur, si elle constitue une figure historique depuis le XVIIIème siècle, reconfigure aujourd&rsquo;hui le &hellip; <a href="https://blogs.eleves.ens.fr/srin/janvier/" class="more-link">Continuer la lecture de <span class="screen-reader-text">Annotation collaborative et interaction avec les publics</span></a></p>
